{"id":109,"date":"2025-11-22T20:10:28","date_gmt":"2025-11-23T02:10:28","guid":{"rendered":"https:\/\/hoteldelcarmen.directorio-comercial.com\/?page_id=109"},"modified":"2025-11-22T20:10:28","modified_gmt":"2025-11-23T02:10:28","slug":"saloneventos","status":"publish","type":"page","link":"https:\/\/hoteldelcarmen.directorio-comercial.com\/?page_id=109","title":{"rendered":"SalonEventos"},"content":{"rendered":"\n<div class=\"wp-block-group alignfull has-body-text-color has-text-color has-background has-link-color wp-elements-e6e0d82e883cd4658899ca3438a43e7f is-layout-constrained wp-container-core-group-is-layout-7db9d80f wp-block-group-is-layout-constrained\" style=\"background-color:#faf7f9;padding-right:0;padding-left:0\">\n<div class=\"wp-block-group alignfull is-nowrap is-layout-flex wp-container-core-group-is-layout-6c531013 wp-block-group-is-layout-flex\">\n<h2 class=\"wp-block-heading has-text-color has-background has-link-color wp-elements-8edd73f218461d7a5ca4cbbf54e7a587\" id=\"masajes\" style=\"border-bottom-right-radius:29px;color:#faf7f9;background-color:#5a3e50;margin-top:0;margin-right:0;margin-bottom:0;margin-left:0;padding-top:var(--wp--preset--spacing--40);padding-right:var(--wp--preset--spacing--50);padding-bottom:var(--wp--preset--spacing--40);padding-left:var(--wp--preset--spacing--50)\">Sal\u00f3n de Eventos<\/h2>\n\n\n\n<div class=\"wp-block-group is-layout-constrained wp-block-group-is-layout-constrained\"><\/div>\n<\/div>\n\n\n\n<div class=\"wp-block-group is-layout-constrained wp-container-core-group-is-layout-e0082cf6 wp-block-group-is-layout-constrained\">\n<div class=\"wp-block-group has-background animate__animated animate__fadeInDown is-layout-constrained wp-container-core-group-is-layout-19e250f3 wp-block-group-is-layout-constrained\" style=\"background-color:#c9b7cf;--animate-duration:1s\">\n<p class=\"has-text-align-center\">Nuestro Sal\u00f3n de Eventos es el lugar perfecto para celebrar momentos especiales y realizar reuniones memorables. Cuenta con <strong>capacidad para 200 personas<\/strong>, adem\u00e1s de <strong>proyector<\/strong>, <strong>mesas<\/strong>, <strong>sillas<\/strong>, <strong>cristaler\u00eda<\/strong> y <strong>manteler\u00eda<\/strong>, todo listo para crear el ambiente ideal seg\u00fan tu ocasi\u00f3n.<\/p>\n\n\n\n<p class=\"has-text-align-center\">Es un espacio vers\u00e1til y elegante, perfecto para <strong>cumplea\u00f1os, bodas, aniversarios, conferencias, talleres<\/strong> y todo tipo de eventos sociales o corporativos. Aqu\u00ed encontrar\u00e1s comodidad, estilo y el mejor servicio para que tu evento sea un \u00e9xito..<\/p>\n\n\n\n<div class=\"wp-block-group is-layout-constrained wp-block-group-is-layout-constrained\">\n<figure class=\"wp-block-gallery has-nested-images columns-default is-cropped wp-block-gallery-1 is-layout-flex wp-block-gallery-is-layout-flex frontblocks-gallery-grid\" data-layout=\"grid\" data-columns=\"3\" data-gutter=\"20\" data-lightbox=\"false\">\n<figure class=\"wp-block-image size-large\"><img loading=\"lazy\" decoding=\"async\" width=\"1024\" height=\"1024\" data-id=\"110\" src=\"https:\/\/hoteldelcarmen.directorio-comercial.com\/wp-content\/uploads\/2025\/11\/SalonEventos2.png\" alt=\"\" class=\"wp-image-110\" srcset=\"https:\/\/hoteldelcarmen.directorio-comercial.com\/wp-content\/uploads\/2025\/11\/SalonEventos2.png 1024w, https:\/\/hoteldelcarmen.directorio-comercial.com\/wp-content\/uploads\/2025\/11\/SalonEventos2-300x300.png 300w, https:\/\/hoteldelcarmen.directorio-comercial.com\/wp-content\/uploads\/2025\/11\/SalonEventos2-150x150.png 150w, https:\/\/hoteldelcarmen.directorio-comercial.com\/wp-content\/uploads\/2025\/11\/SalonEventos2-768x768.png 768w\" sizes=\"auto, (max-width: 1024px) 100vw, 1024px\" \/><\/figure>\n\n\n\n<figure class=\"wp-block-image size-large\"><img loading=\"lazy\" decoding=\"async\" width=\"1024\" height=\"1024\" data-id=\"21\" src=\"https:\/\/hoteldelcarmen.directorio-comercial.com\/wp-content\/uploads\/2025\/11\/SalonDeEventos_sola.png\" alt=\"\" class=\"wp-image-21\" srcset=\"https:\/\/hoteldelcarmen.directorio-comercial.com\/wp-content\/uploads\/2025\/11\/SalonDeEventos_sola.png 1024w, https:\/\/hoteldelcarmen.directorio-comercial.com\/wp-content\/uploads\/2025\/11\/SalonDeEventos_sola-300x300.png 300w, https:\/\/hoteldelcarmen.directorio-comercial.com\/wp-content\/uploads\/2025\/11\/SalonDeEventos_sola-150x150.png 150w, https:\/\/hoteldelcarmen.directorio-comercial.com\/wp-content\/uploads\/2025\/11\/SalonDeEventos_sola-768x768.png 768w\" sizes=\"auto, (max-width: 1024px) 100vw, 1024px\" \/><\/figure>\n\n\n\n<figure class=\"wp-block-image size-large\"><img loading=\"lazy\" decoding=\"async\" width=\"1024\" height=\"1013\" data-id=\"111\" src=\"https:\/\/hoteldelcarmen.directorio-comercial.com\/wp-content\/uploads\/2025\/11\/2-1024x1013.jpg\" alt=\"\" class=\"wp-image-111\" srcset=\"https:\/\/hoteldelcarmen.directorio-comercial.com\/wp-content\/uploads\/2025\/11\/2-1024x1013.jpg 1024w, https:\/\/hoteldelcarmen.directorio-comercial.com\/wp-content\/uploads\/2025\/11\/2-300x297.jpg 300w, https:\/\/hoteldelcarmen.directorio-comercial.com\/wp-content\/uploads\/2025\/11\/2-768x759.jpg 768w, https:\/\/hoteldelcarmen.directorio-comercial.com\/wp-content\/uploads\/2025\/11\/2.jpg 1080w\" sizes=\"auto, (max-width: 1024px) 100vw, 1024px\" \/><\/figure>\n\n\n\n<figure class=\"wp-block-image size-large\"><img loading=\"lazy\" decoding=\"async\" width=\"1024\" height=\"1001\" data-id=\"112\" src=\"https:\/\/hoteldelcarmen.directorio-comercial.com\/wp-content\/uploads\/2025\/11\/6-1024x1001.jpg\" alt=\"\" class=\"wp-image-112\" srcset=\"https:\/\/hoteldelcarmen.directorio-comercial.com\/wp-content\/uploads\/2025\/11\/6-1024x1001.jpg 1024w, https:\/\/hoteldelcarmen.directorio-comercial.com\/wp-content\/uploads\/2025\/11\/6-300x293.jpg 300w, https:\/\/hoteldelcarmen.directorio-comercial.com\/wp-content\/uploads\/2025\/11\/6-768x751.jpg 768w, https:\/\/hoteldelcarmen.directorio-comercial.com\/wp-content\/uploads\/2025\/11\/6.jpg 1080w\" sizes=\"auto, (max-width: 1024px) 100vw, 1024px\" \/><\/figure>\n\n\n\n<figure class=\"wp-block-image size-large\"><img loading=\"lazy\" decoding=\"async\" width=\"1024\" height=\"559\" data-id=\"113\" src=\"https:\/\/hoteldelcarmen.directorio-comercial.com\/wp-content\/uploads\/2025\/11\/4-1024x559.jpg\" alt=\"\" class=\"wp-image-113\" srcset=\"https:\/\/hoteldelcarmen.directorio-comercial.com\/wp-content\/uploads\/2025\/11\/4-1024x559.jpg 1024w, https:\/\/hoteldelcarmen.directorio-comercial.com\/wp-content\/uploads\/2025\/11\/4-300x164.jpg 300w, https:\/\/hoteldelcarmen.directorio-comercial.com\/wp-content\/uploads\/2025\/11\/4-768x420.jpg 768w, https:\/\/hoteldelcarmen.directorio-comercial.com\/wp-content\/uploads\/2025\/11\/4.jpg 1080w\" sizes=\"auto, (max-width: 1024px) 100vw, 1024px\" \/><\/figure>\n\n\n\n<figure class=\"wp-block-image size-large\"><img loading=\"lazy\" decoding=\"async\" width=\"1024\" height=\"768\" data-id=\"114\" src=\"https:\/\/hoteldelcarmen.directorio-comercial.com\/wp-content\/uploads\/2025\/11\/1-1024x768.jpg\" alt=\"\" class=\"wp-image-114\" srcset=\"https:\/\/hoteldelcarmen.directorio-comercial.com\/wp-content\/uploads\/2025\/11\/1-1024x768.jpg 1024w, https:\/\/hoteldelcarmen.directorio-comercial.com\/wp-content\/uploads\/2025\/11\/1-300x225.jpg 300w, https:\/\/hoteldelcarmen.directorio-comercial.com\/wp-content\/uploads\/2025\/11\/1-768x576.jpg 768w, https:\/\/hoteldelcarmen.directorio-comercial.com\/wp-content\/uploads\/2025\/11\/1.jpg 1080w\" sizes=\"auto, (max-width: 1024px) 100vw, 1024px\" \/><\/figure>\n<\/figure>\n<\/div>\n<\/div>\n<\/div>\n\n\n\n<div class=\"wp-block-group alignfull is-content-justification-right is-nowrap is-layout-flex wp-container-core-group-is-layout-17124a9a wp-block-group-is-layout-flex\">\n<div class=\"wp-block-group is-layout-constrained wp-block-group-is-layout-constrained\"><\/div>\n\n\n\n<h2 class=\"wp-block-heading has-text-color has-background has-link-color wp-elements-48fcacae07e7e133b8b200da9b709203\" id=\"faciales\" style=\"border-bottom-left-radius:29px;color:#faf7f9;background-color:#5a3e50;margin-top:0;margin-right:0;margin-bottom:0;margin-left:0;padding-top:var(--wp--preset--spacing--40);padding-right:var(--wp--preset--spacing--50);padding-bottom:var(--wp--preset--spacing--40);padding-left:var(--wp--preset--spacing--50)\">Casa Fiesta<\/h2>\n<\/div>\n\n\n\n<div class=\"wp-block-group is-layout-constrained wp-container-core-group-is-layout-e0082cf6 wp-block-group-is-layout-constrained\">\n<div class=\"wp-block-group has-background animate__animated animate__fadeInDown is-layout-constrained wp-container-core-group-is-layout-19e250f3 wp-block-group-is-layout-constrained\" style=\"background-color:#c9b7cf;--animate-duration:1s\">\n<p class=\"has-text-align-center\">Casa Fiesta es un sal\u00f3n acogedor y vers\u00e1til, ideal para reuniones familiares, celebraciones especiales y eventos privados. Cuenta con espacio para <strong>50 personas<\/strong>, <strong>cocina independiente<\/strong>, <strong>mobiliario incluido<\/strong> y <strong>acceso directo al jard\u00edn<\/strong>, creando un ambiente c\u00f3modo y funcional para cualquier ocasi\u00f3n.<\/p>\n\n\n\n<p class=\"has-text-align-center\">Es el lugar perfecto para disfrutar momentos \u00fanicos en un entorno agradable, pr\u00e1ctico y totalmente equipado..<\/p>\n\n\n\n<div class=\"wp-block-group is-layout-constrained wp-block-group-is-layout-constrained\">\n<figure class=\"wp-block-gallery has-nested-images columns-default is-cropped wp-block-gallery-2 is-layout-flex wp-block-gallery-is-layout-flex frontblocks-gallery-grid\" data-layout=\"grid\" data-columns=\"3\" data-gutter=\"20\" data-lightbox=\"false\">\n<figure class=\"wp-block-image size-large\"><img loading=\"lazy\" decoding=\"async\" width=\"1024\" height=\"1013\" data-id=\"115\" src=\"https:\/\/hoteldelcarmen.directorio-comercial.com\/wp-content\/uploads\/2025\/11\/5-1024x1013.jpg\" alt=\"\" class=\"wp-image-115\" srcset=\"https:\/\/hoteldelcarmen.directorio-comercial.com\/wp-content\/uploads\/2025\/11\/5-1024x1013.jpg 1024w, https:\/\/hoteldelcarmen.directorio-comercial.com\/wp-content\/uploads\/2025\/11\/5-300x297.jpg 300w, https:\/\/hoteldelcarmen.directorio-comercial.com\/wp-content\/uploads\/2025\/11\/5-768x759.jpg 768w, https:\/\/hoteldelcarmen.directorio-comercial.com\/wp-content\/uploads\/2025\/11\/5.jpg 1080w\" sizes=\"auto, (max-width: 1024px) 100vw, 1024px\" \/><\/figure>\n\n\n\n<figure class=\"wp-block-image size-large\"><img loading=\"lazy\" decoding=\"async\" width=\"1024\" height=\"1024\" data-id=\"116\" src=\"https:\/\/hoteldelcarmen.directorio-comercial.com\/wp-content\/uploads\/2025\/11\/Casafiesta_sola.png\" alt=\"\" class=\"wp-image-116\" srcset=\"https:\/\/hoteldelcarmen.directorio-comercial.com\/wp-content\/uploads\/2025\/11\/Casafiesta_sola.png 1024w, https:\/\/hoteldelcarmen.directorio-comercial.com\/wp-content\/uploads\/2025\/11\/Casafiesta_sola-300x300.png 300w, https:\/\/hoteldelcarmen.directorio-comercial.com\/wp-content\/uploads\/2025\/11\/Casafiesta_sola-150x150.png 150w, https:\/\/hoteldelcarmen.directorio-comercial.com\/wp-content\/uploads\/2025\/11\/Casafiesta_sola-768x768.png 768w\" sizes=\"auto, (max-width: 1024px) 100vw, 1024px\" \/><\/figure>\n<\/figure>\n<\/div>\n<\/div>\n<\/div>\n\n\n\n<div class=\"wp-block-group alignfull is-nowrap is-layout-flex wp-container-core-group-is-layout-6c531013 wp-block-group-is-layout-flex\">\n<h2 class=\"wp-block-heading has-text-color has-background has-link-color wp-elements-b6f3dfd8eb056c2de84fa61467c7d219\" id=\"temazcal\" style=\"border-bottom-right-radius:29px;color:#faf7f9;background-color:#5a3e50;margin-top:0;margin-right:0;margin-bottom:0;margin-left:0;padding-top:var(--wp--preset--spacing--40);padding-right:var(--wp--preset--spacing--50);padding-bottom:var(--wp--preset--spacing--40);padding-left:var(--wp--preset--spacing--50)\">Banquetes<\/h2>\n\n\n\n<div class=\"wp-block-group is-layout-constrained wp-block-group-is-layout-constrained\"><\/div>\n<\/div>\n\n\n\n<div class=\"wp-block-group is-layout-constrained wp-container-core-group-is-layout-e0082cf6 wp-block-group-is-layout-constrained\">\n<div class=\"wp-block-group has-background animate__animated animate__fadeInDown is-layout-constrained wp-container-core-group-is-layout-19e250f3 wp-block-group-is-layout-constrained\" style=\"background-color:#c9b7cf;--animate-duration:1s\">\n<p class=\"has-text-align-center\">En Del Carmen Business Hotel contamos con un servicio de banquetes completamente personalizado para tu evento. Nos adaptamos a tus necesidades para ofrecerte un men\u00fa a la medida, con presentaci\u00f3n elegante y atenci\u00f3n profesional que har\u00e1 de tu celebraci\u00f3n una experiencia memorable.<\/p>\n\n\n\n<div class=\"wp-block-group is-layout-constrained wp-block-group-is-layout-constrained\">\n<figure class=\"wp-block-gallery has-nested-images columns-default is-cropped wp-block-gallery-3 is-layout-flex wp-block-gallery-is-layout-flex frontblocks-gallery-grid\" data-layout=\"grid\" data-columns=\"3\" data-gutter=\"20\" data-lightbox=\"false\">\n<figure class=\"wp-block-image size-large\"><img loading=\"lazy\" decoding=\"async\" width=\"1024\" height=\"1024\" data-id=\"117\" src=\"https:\/\/hoteldelcarmen.directorio-comercial.com\/wp-content\/uploads\/2025\/11\/Banquete_sola.png\" alt=\"\" class=\"wp-image-117\" srcset=\"https:\/\/hoteldelcarmen.directorio-comercial.com\/wp-content\/uploads\/2025\/11\/Banquete_sola.png 1024w, https:\/\/hoteldelcarmen.directorio-comercial.com\/wp-content\/uploads\/2025\/11\/Banquete_sola-300x300.png 300w, https:\/\/hoteldelcarmen.directorio-comercial.com\/wp-content\/uploads\/2025\/11\/Banquete_sola-150x150.png 150w, https:\/\/hoteldelcarmen.directorio-comercial.com\/wp-content\/uploads\/2025\/11\/Banquete_sola-768x768.png 768w\" sizes=\"auto, (max-width: 1024px) 100vw, 1024px\" \/><\/figure>\n<\/figure>\n<\/div>\n<\/div>\n<\/div>\n<\/div>\n","protected":false},"excerpt":{"rendered":"<p>Sal\u00f3n de Eventos Nuestro Sal\u00f3n de Eventos es el lugar perfecto para celebrar momentos especiales y realizar reuniones memorables. Cuenta con capacidad para 200 personas, adem\u00e1s de proyector, mesas, sillas, cristaler\u00eda y manteler\u00eda, todo listo para crear el ambiente ideal seg\u00fan tu ocasi\u00f3n. Es un espacio vers\u00e1til y elegante, perfecto para cumplea\u00f1os, bodas, aniversarios, conferencias, [&hellip;]<\/p>\n","protected":false},"author":1,"featured_media":0,"parent":0,"menu_order":0,"comment_status":"closed","ping_status":"closed","template":"","meta":{"footnotes":""},"class_list":["post-109","page","type-page","status-publish","hentry"],"_links":{"self":[{"href":"https:\/\/hoteldelcarmen.directorio-comercial.com\/index.php?rest_route=\/wp\/v2\/pages\/109","targetHints":{"allow":["GET"]}}],"collection":[{"href":"https:\/\/hoteldelcarmen.directorio-comercial.com\/index.php?rest_route=\/wp\/v2\/pages"}],"about":[{"href":"https:\/\/hoteldelcarmen.directorio-comercial.com\/index.php?rest_route=\/wp\/v2\/types\/page"}],"author":[{"embeddable":true,"href":"https:\/\/hoteldelcarmen.directorio-comercial.com\/index.php?rest_route=\/wp\/v2\/users\/1"}],"replies":[{"embeddable":true,"href":"https:\/\/hoteldelcarmen.directorio-comercial.com\/index.php?rest_route=%2Fwp%2Fv2%2Fcomments&post=109"}],"version-history":[{"count":1,"href":"https:\/\/hoteldelcarmen.directorio-comercial.com\/index.php?rest_route=\/wp\/v2\/pages\/109\/revisions"}],"predecessor-version":[{"id":118,"href":"https:\/\/hoteldelcarmen.directorio-comercial.com\/index.php?rest_route=\/wp\/v2\/pages\/109\/revisions\/118"}],"wp:attachment":[{"href":"https:\/\/hoteldelcarmen.directorio-comercial.com\/index.php?rest_route=%2Fwp%2Fv2%2Fmedia&parent=109"}],"curies":[{"name":"wp","href":"https:\/\/api.w.org\/{rel}","templated":true}]}}